{"id":468,"date":"2024-09-30T07:47:35","date_gmt":"2024-09-30T05:47:35","guid":{"rendered":"https:\/\/intraroc2.dev.greenitsolutions.fr\/?page_id=468"},"modified":"2024-10-01T11:59:01","modified_gmt":"2024-10-01T09:59:01","slug":"intranet-groupe-fiduroc","status":"publish","type":"page","link":"https:\/\/intraroc2.dev.greenitsolutions.fr\/?page_id=468","title":{"rendered":"Support technique"},"content":{"rendered":"\t\t<div data-elementor-type=\"wp-page\" data-elementor-id=\"468\" class=\"elementor elementor-468\">\n\t\t\t\t<div class=\"elementor-element elementor-element-63822cf5 e-flex e-con-boxed e-con e-parent\" data-id=\"63822cf5\" data-element_type=\"container\">\n\t\t\t\t\t<div class=\"e-con-inner\">\n\t\t\t\t<div class=\"elementor-element elementor-element-6835fd2 elementor-widget elementor-widget-text-editor\" data-id=\"6835fd2\" data-element_type=\"widget\" data-widget_type=\"text-editor.default\">\n\t\t\t\t<div class=\"elementor-widget-container\">\n\t\t\t\t\t\t\t\t\t<p><strong>Pour que les techniciens de Green IT Solutions puissent vous accompagner :<\/strong><\/p><ul><li><strong>T\u00e9l\u00e9chargez<\/strong> notre application d\u2019assistance \u00e0 distance disponible en suivant le lien de l&rsquo;ic\u00f4ne ci-dessous,<\/li><li>Appelez le standard au <strong>05 86 99 01 79<\/strong>.<\/li><\/ul><p>Nos techniciens vous guideront pas \u00e0 pas sur la proc\u00e9dure de d\u00e9pannage.<\/p>\t\t\t\t\t\t\t\t<\/div>\n\t\t\t\t<\/div>\n\t\t\t\t\t<\/div>\n\t\t\t\t<\/div>\n\t\t<div class=\"elementor-element elementor-element-c62743f e-flex e-con-boxed e-con e-parent\" data-id=\"c62743f\" data-element_type=\"container\">\n\t\t\t\t\t<div class=\"e-con-inner\">\n\t\t<div class=\"elementor-element elementor-element-3a8db06 e-con-full e-flex e-con e-child\" data-id=\"3a8db06\" data-element_type=\"container\">\n\t\t\t\t<div class=\"elementor-element elementor-element-2ca93f9 elementor-widget elementor-widget-text-editor\" data-id=\"2ca93f9\" data-element_type=\"widget\" data-widget_type=\"text-editor.default\">\n\t\t\t\t<div class=\"elementor-widget-container\">\n\t\t\t\t\t\t\t\t\t<p><strong>T\u00e9l\u00e9chargement pour Microsoft Windows, cliquez sur l&rsquo;ic\u00f4ne : <br \/><\/strong><\/p>\t\t\t\t\t\t\t\t<\/div>\n\t\t\t\t<\/div>\n\t\t\t\t<\/div>\n\t\t<div class=\"elementor-element elementor-element-78d3488 e-con-full e-flex e-con e-child\" data-id=\"78d3488\" data-element_type=\"container\">\n\t\t\t\t<div class=\"elementor-element elementor-element-54b0896 elementor-view-default elementor-widget elementor-widget-icon\" data-id=\"54b0896\" data-element_type=\"widget\" data-widget_type=\"icon.default\">\n\t\t\t\t<div class=\"elementor-widget-container\">\n\t\t\t\t\t\t\t<div class=\"elementor-icon-wrapper\">\n\t\t\t<a class=\"elementor-icon\" href=\"https:\/\/www.greenitsolutions.fr\/wp-content\/uploads\/2024\/06\/greenit-solutions-support-technique.exe\">\n\t\t\t<svg aria-hidden=\"true\" class=\"e-font-icon-svg e-fab-windows\" viewBox=\"0 0 448 512\" xmlns=\"http:\/\/www.w3.org\/2000\/svg\"><path d=\"M0 93.7l183.6-25.3v177.4H0V93.7zm0 324.6l183.6 25.3V268.4H0v149.9zm203.8 28L448 480V268.4H203.8v177.9zm0-380.6v180.1H448V32L203.8 65.7z\"><\/path><\/svg>\t\t\t<\/a>\n\t\t<\/div>\n\t\t\t\t\t\t<\/div>\n\t\t\t\t<\/div>\n\t\t\t\t<\/div>\n\t\t<div class=\"elementor-element elementor-element-41fc234 e-con-full e-flex e-con e-child\" data-id=\"41fc234\" data-element_type=\"container\">\n\t\t\t\t<div class=\"elementor-element elementor-element-54e2073 elementor-widget elementor-widget-text-editor\" data-id=\"54e2073\" data-element_type=\"widget\" data-widget_type=\"text-editor.default\">\n\t\t\t\t<div class=\"elementor-widget-container\">\n\t\t\t\t\t\t\t\t\t<p><strong>T\u00e9l\u00e9chargement pour Apple MAC OS, cliquez sur l&rsquo;ic\u00f4ne : <br \/><\/strong><\/p>\t\t\t\t\t\t\t\t<\/div>\n\t\t\t\t<\/div>\n\t\t\t\t<\/div>\n\t\t<div class=\"elementor-element elementor-element-f9cf251 e-con-full e-flex e-con e-child\" data-id=\"f9cf251\" data-element_type=\"container\">\n\t\t\t\t<div class=\"elementor-element elementor-element-9851411 elementor-view-default elementor-widget elementor-widget-icon\" data-id=\"9851411\" data-element_type=\"widget\" data-widget_type=\"icon.default\">\n\t\t\t\t<div class=\"elementor-widget-container\">\n\t\t\t\t\t\t\t<div class=\"elementor-icon-wrapper\">\n\t\t\t<a class=\"elementor-icon\" href=\"https:\/\/www.greenitsolutions.fr\/wp-content\/uploads\/2024\/06\/greenit-solutions-support-technique-x64.dmg\">\n\t\t\t<svg aria-hidden=\"true\" class=\"e-font-icon-svg e-fab-apple\" viewBox=\"0 0 384 512\" xmlns=\"http:\/\/www.w3.org\/2000\/svg\"><path d=\"M318.7 268.7c-.2-36.7 16.4-64.4 50-84.8-18.8-26.9-47.2-41.7-84.7-44.6-35.5-2.8-74.3 20.7-88.5 20.7-15 0-49.4-19.7-76.4-19.7C63.3 141.2 4 184.8 4 273.5q0 39.3 14.4 81.2c12.8 36.7 59 126.7 107.2 125.2 25.2-.6 43-17.9 75.8-17.9 31.8 0 48.3 17.9 76.4 17.9 48.6-.7 90.4-82.5 102.6-119.3-65.2-30.7-61.7-90-61.7-91.9zm-56.6-164.2c27.3-32.4 24.8-61.9 24-72.5-24.1 1.4-52 16.4-67.9 34.9-17.5 19.8-27.8 44.3-25.6 71.9 26.1 2 49.9-11.4 69.5-34.3z\"><\/path><\/svg>\t\t\t<\/a>\n\t\t<\/div>\n\t\t\t\t\t\t<\/div>\n\t\t\t\t<\/div>\n\t\t\t\t<\/div>\n\t\t\t\t\t<\/div>\n\t\t\t\t<\/div>\n\t\t\t\t<\/div>\n\t\t","protected":false},"excerpt":{"rendered":"<p>Pour que les techniciens de Green IT Solutions puissent vous accompagner : T\u00e9l\u00e9chargez notre application d\u2019assistance \u00e0 distance disponible en suivant le lien de l&rsquo;ic\u00f4ne ci-dessous, Appelez le standard au &hellip; <a href=\"https:\/\/intraroc2.dev.greenitsolutions.fr\/?page_id=468\" class=\"more-link\">Continue reading <span class=\"screen-reader-text\">Support technique<\/span><\/a><\/p>\n","protected":false},"author":4,"featured_media":0,"parent":0,"menu_order":0,"comment_status":"closed","ping_status":"closed","template":"","meta":{"_themeisle_gutenberg_block_has_review":false,"footnotes":""},"class_list":["post-468","page","type-page","status-publish","hentry"],"_links":{"self":[{"href":"https:\/\/intraroc2.dev.greenitsolutions.fr\/index.php?rest_route=\/wp\/v2\/pages\/468","targetHints":{"allow":["GET"]}}],"collection":[{"href":"https:\/\/intraroc2.dev.greenitsolutions.fr\/index.php?rest_route=\/wp\/v2\/pages"}],"about":[{"href":"https:\/\/intraroc2.dev.greenitsolutions.fr\/index.php?rest_route=\/wp\/v2\/types\/page"}],"author":[{"embeddable":true,"href":"https:\/\/intraroc2.dev.greenitsolutions.fr\/index.php?rest_route=\/wp\/v2\/users\/4"}],"replies":[{"embeddable":true,"href":"https:\/\/intraroc2.dev.greenitsolutions.fr\/index.php?rest_route=%2Fwp%2Fv2%2Fcomments&post=468"}],"version-history":[{"count":5,"href":"https:\/\/intraroc2.dev.greenitsolutions.fr\/index.php?rest_route=\/wp\/v2\/pages\/468\/revisions"}],"predecessor-version":[{"id":632,"href":"https:\/\/intraroc2.dev.greenitsolutions.fr\/index.php?rest_route=\/wp\/v2\/pages\/468\/revisions\/632"}],"wp:attachment":[{"href":"https:\/\/intraroc2.dev.greenitsolutions.fr\/index.php?rest_route=%2Fwp%2Fv2%2Fmedia&parent=468"}],"curies":[{"name":"wp","href":"https:\/\/api.w.org\/{rel}","templated":true}]}}